 -h + 29. Calculate the greatest common factor of h and 65.
13
Suppose -3*p = -4*v - 38, -3*p + 13 = -5*p - 5*v. Let k = -9 + 39. Calculate the greatest common divisor of k and p.
6
Let x(q) = -q**3 + 4*q**3 + 7*q**2 + 7*q - 4*q**3. Let s be x(6). Suppose -s = -2*f - f. What is the highest common factor of 39 and f?
13
Suppose d = 2*a + 45, -a - 40 = -5*d + d. Let f = a - -28. Suppose 2*o - 40 = -0*o. What is the highest common divisor of f and o?
4
Let n be ((-20)/(-6))/(2/6). Let l(q) = 2*q - 12. Let v be l(8). Suppose 3*y - 96 = -2*y - m, -2*m + 72 = v*y. What is the highest common factor of n and y?
10
Suppose -5*g = -4*l + 2*l - 382, 3*l - 225 = -3*g. Suppose -3*c = c - g. Let n = -12 + c. Calculate the greatest common divisor of 63 and n.
7
Suppose 3*n - 2*n = -4*f + 1026, -4*f = 3*n - 1030. What is the greatest common factor of f and 32?
32
Suppose -4*d = 34 + 6. Let y = -17 - d. Let l be -1 + 3/(-3)*y. What is the greatest common divisor of 3 and l?
3
Let a(f) = -f**2 - 9*f - 6. Let t be a(-8). Let h(u) = t - 2 - u**2 + u + 5*u. Let j be h(5). What is the greatest common divisor of 45 and j?
5
Let u(s) be the third derivative of -s**6/3 + s**4/24 + s**3/6 + 2*s**2. Let g be u(-1). What is the greatest common factor of g and 5?
5
Let l(p) = -2*p**2 - 5*p + 8. Let h be l(-7). Let k = 79 + h. Suppose -3*f = -78 + k. Calculate the greatest common factor of f and 36.
18
Suppose 0 = -3*q - n + 3*n + 58, n + 79 = 4*q. Let o be (24/10)/(6/q). Calculate the highest common factor of 88 and o.
8
Suppose -2*y + 19 = -13. What is the greatest common divisor of 16 and y?
16
Let u(j) = 3*j**2 - j + 1. Let n(l) = -l + 10. Let i be n(9). Let p be u(i). What is the greatest common divisor of 24 and p?
3
Let m(s) = 15*s - 1. Let l be m(3). What is the highest common factor of 11 and l?
11
Suppose 5*p - 149 = -19. Let u = 17 - p. Let s(c) = c**3 + 10*c**2 + c - 8. Let h be s(u). What is the highest common divisor of h and 8?
8
Suppose -2*o + 204 = -8*v + 4*v, 2*v = -3*o + 314. Suppose -216 = -5*i + 4*s, 4*s - 64 = -i - i. Let a = i - 27. What is the highest common factor of o and a?
13
Suppose -41 = -y - n, -47 = -4*y + 4*n + 109. Calculate the highest common factor of y and 20.
20
Let s be 24/(-16)*16/(-6). Suppose -7*j = -s*j - 192. Suppose 4*i - 17 = 15. What is the highest common divisor of j and i?
8
Let n(t) = -9*t + 2. Suppose -4*h + 3*q - 1 = -0*q, 0 = -4*h + 4*q. Let m be n(h). Calculate the greatest common factor of 11 and m.
11
Let u = -4 + 5. Suppose -2*i - 5*d + 5 = 0, u = -5*i - 4*d - 12. Let s = 8 + i. Calculate the highest common divisor of s and 3.
3
Let d(k) = 27*k - 5. Let g(p) = 53*p - 9. Let r(v) = -7*d(v) + 4*g(v). Suppose -37 + 31 = -3*i. Let q be r(i). What is the highest common divisor of q and 18?
9
Let r = -19 - -31. What is the highest common divisor of 96 and r?
12
Suppose 0 = -4*h + 5*u + 89, 0*h = 4*h + 2*u - 110. What is the greatest common divisor of h and 26?
26
Let r be 4*(-2 - (-12)/8). Let u be -1 + (-18)/r + -3. What is the highest common divisor of 45 and u?
5
Suppose 8*s + 320 = 10*s. What is the greatest common factor of s and 16?
16
Let i(r) = r**3 + 5*r**2 + 3. Let t be i(-5). Let y(b) = -b**2 + 4*b - 1. Let f be y(t). Suppose -3*q + q = -f. Calculate the greatest common factor of 1 and q.
1
Let u = 5 + -3. Suppose u*f = 5 + 5. Calculate the highest common divisor of f and 1.
1
Suppose 0 = 4*n + n - 10. Suppose -n*d = -7*d + 15. Suppose 0 = -4*y + 4*v + 12 + 12, -2*y - d*v = 13. Calculate the greatest common divisor of y and 5.
1
Let f(z) = z**2 - 5*z. Let c be f(4). Let k be 30/(2 - (-2)/c). What is the highest common divisor of 20 and k?
20
Suppose -7*s + 3*s + 16 = 0. Suppose -o + 75 = s*o. Calculate the highest common factor of 10 and o.
5
Let c = -49 - -127. Suppose -u + 3*u = c. Suppose 2*a - 3 = 49. Calculate the highest common divisor of a and u.
13
Suppose 5*a - 126 = -4*x, 5*a + 0*x - 114 = -x. Calculate the greatest common divisor of a and 2.
2
Suppose 0 = 3*n - 325 + 1. Suppose -r - 5 = -0*r + 3*l, 0 = r - 4*l - 16. Let c be 112/6 - r/6. Calculate the greatest common factor of n and c.
18
Suppose -5*c - 38 = -2*p + 26, p = -2*c + 50. Let z be (-8)/(-5) + (-4)/(-10). Let j(b) = 2*b + 2. Let i be j(z). What is the highest common factor of i and p?
6
Let p(c) = 14*c - 2*c**3 + c**3 - 6*c + 16*c**2. Let w be p(16). Calculate the highest common factor of w and 16.
16
Let l be (-3 + 6 - -63)*2/4. Calculate the highest common factor of l and 3.
3
Let b(m) = 2*m**3 + 5*m**2 - 10. Let q(g) = 5*g**3 + 9*g**2 - g - 20. Let k(r) = 7*b(r) - 3*q(r). Let i be k(7). What is the greatest common factor of 24 and i?
12
Suppose 5*x + m = 57 + 84, 3*x + 4*m = 88. What is the greatest common factor of x and 42?
14
Let l(f) = -147*f - 7. Let b(c) = -74*c - 4. Let h(v) = 7*b(v) - 4*l(v). Let q = -3 - -4. Let y be h(q). What is the highest common factor of y and 14?
14
Suppose 10*o = 6*o + 64. Suppose q - 3*q = -o. Suppose 18 = v + f, -2 = f - 0*f. What is the greatest common factor of v and q?
4
Let x(b) = -b**2 + 24*b + 10. Let f be x(12). Calculate the highest common divisor of 22 and f.
22
Let y = 6 - 2. Suppose 0 = -y*f - f - 30. Let m = f - -8. What is the highest common divisor of 1 and m?
1
Let r = -5 - -3. Let g be (2 - 2)/(r - -1). Suppose 5*k = 5*f + 105, -f = -3*k - g*f + 53. Calculate the highest common factor of 48 and k.
16
Let c = -187 - -308. Let x(n) = n**2 + n - 1. Let l be x(3). Calculate the greatest common factor of c and l.
11
Let r be (-2 + 0)/(10/(-45)). Suppose 0 = -0*s + 2*s - 4. Suppose 2*q - s*n - 75 = 53, -4*n = 3*q - 185. What is the greatest common divisor of r and q?
9
Let w(s) = 2*s**3 + s**2. Let r be w(3). Calculate the highest common divisor of 9 and r.
9
Let s(r) = -5*r - 8. Let o be s(-5). Calculate the highest common factor of o and 119.
17
Let w(g) = g**3 - 7*g**2 - 2*g + 20. Let i be w(7). Let q(s) = -11*s - 7. Let t be q(-5). What is the greatest common factor of i and t?
6
Suppose -9 - 31 = -5*k. Suppose g - 20 = -3*g, 3*d + 4*g - 68 = 0. What is the greatest common divisor of k and d?
8
Let r(l) = -15*l + 24. Let x(w) = -9 + 6 - 9 - 3*w + 10*w. Let a(k) = -6*r(k) - 13*x(k). Let z be a(0). What is the greatest common factor of 8 and z?
4
Let q be (21 + -22)*1*-9. Calculate the highest common factor of q and 9.
9
Let t(y) = -y**3 - 6*y**2 - 2*y - 4. Let g be t(-6). Calculate the greatest common factor of g and 72.
8
Let u(v) = v**2 + 4. Let k be u(6). Suppose -k = -z + 37. Suppose 0*w + 4*w - 44 = 0. Calculate the highest common factor of z and w.
11
Let n = 70 + -24. Calculate the highest common divisor of 115 and n.
23
Suppose 4*l - w + 3 = 0, 4*w = -2*l - l + 12. Suppose -5*u + 22 = 2*i - 10, l = -3*u - 4*i + 22. What is the highest common factor of u and 9?
3
Suppose y + 5*f = -16, -f - 8 = f. Suppose 0 = -7*h + y*h + 39. Calculate the highest common divisor of 104 and h.
13
Let s be 898/12 + (-22)/(-132). What is the greatest common factor of s and 30?
15
Let q be 12/(-2)*(-10)/15. Suppose 0 = 5*o + q*s - 20 - 12, -s = 2*o - 14. Calculate the greatest common factor of 40 and o.
8
Suppose y = 5 + 19. Calculate the highest common factor of y and 6.
6
Let c be 0 - (-40 + 0/(-1)). Suppose -9*q = -499 - 401. What is the greatest common divisor of c and q?
20
Let n = 4 - 4. Suppose -3*f + b = -b - 1440, n = 3*f + 4*b - 1440. Suppose -f = -3*g - 2*g. What is the highest common divisor of 12 and g?
12
Let r(g) = g**2 + 12*g + 9. Let z be r(-15). Let a(i) = i + 36. Let t be a(0). Calculate the greatest common divisor of t and z.
18
Suppose -120 = -5*r - t, -3*t + 63 - 3 = 3*r. What is the greatest common factor of r and 10?
5
Let y be (220/(-12))/((-3)/9). Calculate the greatest common factor of 22 and y.
11
Suppose 2*d = 8, 0 = -0*a - 4*a - 2*d + 36. Calculate the greatest common divisor of 63 and a.
7
Let u be (0 - (2 - 0)) + 226. Suppose -5*f + f + u = 0. Calculate the highest common factor of f and 8.
8
Let t = -24 + 42. What is the highest common divisor of t and 36?
18
Let z(y) = y + 0*y - 3 - 3. Let d be z(7). Let j be 10/2 - (8 - 10). Calculate the highest common divisor of j and d.
1
Let j = 6 + -6. Suppose j = 2*c + 3*c - 50. Calculate the highest common factor of 20 and c